Give d(v).
4
Let c(v) = v + 4. Let t(p) be the third derivative of -5*p**4/24 - 10*p**3/3 - 161*p**2. Let o(d) = 6*c(d) + t(d). Determine o(8).
12
Suppose -27*z = 162 - 54. Let c(r) = -15*r - 22. Give c(z).
38
Suppose -4*i = -7*i - 3*q - 15, 0 = -3*i + 4*q - 50. Let b be ((-16)/i)/((-8)/(-180)*3). Let j(f) = -2*f - 2*f + 11*f**2 + 0*f - b*f**2 + 2. Determine j(-5).
-3
Suppose 14*u - 7*u = 14. Let j(v) = v**2 - 7*v. Let o be j(7). Let f(t) = -6*t**2 + 2*t**2 + o*t + 3*t. Calculate f(u).
-10
Let k(r) = -8*r + 130. Suppose -2*g - 20 = -b, 4*b - 4*g + 27 - 103 = 0. What is k(b)?
-14
Let d(v) = 4*v**3 - v**2 - v - 224. Let h(n) = -3*n**3 + 151. Let l(y) = -5*d(y) - 7*h(y). Calculate l(-6).
-3
Let g(j) = -6*j - 19. Let r(c) = 5*c + 18. Let k(y) = 4*g(y) + 5*r(y). Let d = 3222 + -3229. Give k(d).
7
Suppose -188 + 652 = -14*t - 44*t. Let h(y) = y**3 + 8*y**2 + y - 1. Give h(t).
-9
Let f(p) be the third derivative of -p**6/120 - p**5/6 + 25*p**4/24 + 5*p**3/3 - p**2. Let x = -347748 - -347736. Determine f(x).
-2
Suppose 5*s = 4*s + 4. Let k = -4 + s. Let u(z) be the third derivative of -z**4/24 + 4*z**3/3 + z**2 + 10*z + 11. Give u(k).
8
Let x(p) = -6582*p + 2194*p + 2205*p - 53 + 2193*p. Give x(0).
-53
Let p(w) be the third derivative of -1/60*w**5 + 0*w**4 + 0*w + 0 - 39*w**2 - 2*w**3 + 1/120*w**6. What is p(0)?
-12
Let p(y) be the second derivative of 0 + 2/3*y**3 - 2*y - 11/2*y**2. Determine p(9).
25
Let i(d) = 12*d + 1541 - 3*d**2 + 1532 - 4618 + 1539 - 16*d. Suppose -3*x - 12 = -0*x. What is i(x)?
-38
Let s(d) = -d + 9. Let r(c) be the first derivative of -9*c**2/2 - 118*c - 82. Let y be r(-14). Give s(y).
1
Let z(w) = -3*w**2 - 224*w - 149. Let n be z(-74). Let h(b) = -11*b**2 + 2*b + 1. Let y(x) = -x**2. Let t(q) = -h(q) + 3*y(q). Determine t(n).
9
Let y(z) = z - 1. Suppose 2*h = -4*t - 0*h + 26, 2*t + 4*h = 22. Suppose -2*w - t*r = -15, -12*w + 9*w + 4*r - 12 = 0. Give y(w).
-1
Let k(f) = -137*f**2 - 23*f - 13. Let j(l) = -61*l**2 - 11*l - 7. Let x(h) = 9*j(h) - 4*k(h). Determine x(-5).
-1
Suppose 3*n - 12 = 3*y, -2*n + 25 = -5*y + 2. Let g(j) = -44*j - 13. Let t(r) = -11*r - 3. Suppose -5*s - 36 = s. Let f(b) = s*g(b) + 26*t(b). Determine f(n).
22
Let l(n) = 18*n + 1. Let q(z) = 22*z + 4. Let j(k) = -k - 1. Let g(d) = -2*j(d) - q(d). Let u(v) = -2*g(v) - 3*l(v). What is u(1)?
-13
Let v be ((-1)/2 + 1)*-26. Let u(t) = 197*t + 4. Let d(p) = -709*p - 14. Let l(r) = 5*d(r) + 18*u(r). Determine l(v).
-11
Let b(k) = -54*k - 157. Let o = -2474 + 2471. Calculate b(o).
5
Let i(f) = 3*f - 2. Suppose -t + 2*z = 1 + 1, 2*t = -z - 4. Let g be (-484)/132 + t/(-3). Determine i(g).
-11
Let c(d) = -13*d**2 + 43*d - 16. Let w(b) = 15*b**2 - 48*b + 16. Let a(f) = 7*c(f) + 6*w(f). Give a(11).
6
Let h = -293859 - -293848. Let p(d) = -5*d - 15. Let t(j) = 4*j + 16. Let v(a) = -2*p(a) - 3*t(a). Calculate v(h).
4
Let u(x) be the second derivative of x**4/12 + 5*x**3/6 + 3*x**2/2 - 11*x. Suppose 29 = 2*s + 3*g, 2*s - 6*s + g + 79 = 0. Let h = 15 - s. Calculate u(h).
-1
Let n(l) = -39 + 2*l**2 + 35 - 3*l + 6*l. Let q be 480/(-112) - 1/7*-2. Calculate n(q).
16
Let b(j) be the first derivative of -9*j**2/2 - 31*j + 1590. Calculate b(-4).
5
Let u(j) = 23*j - 5*j**2 - 3 - 35*j + 17*j + 8 + 0*j**2. Calculate u(-2).
-25
Suppose -b - 4*s - 24 = 0, -4*b - 59 = 5*s - 18. Let j(f) = -f**3 - f**2 - 4. What is j(b)?
44
Let o(t) be the second derivative of -t**4/12 - 5*t**3/6 - 2*t**2 - t. Let v(u) = -u**2 + 11*u - 16. Let d = 135 - 125. Let y be v(d). Determine o(y).
-10
Let p be (18 - (-5 + 9))/(0 - -2). Let b = 4 - p. Let u(v) = -v - 3. What is u(b)?
0
Let c(n) be the third derivative of -3*n**2 + 0*n + 0*n**4 + 0*n**3 + 1/60*n**5 + 0. Let p(u) = -u**3 - 2*u**2 - 1. Let y be p(-2). Determine c(y).
1
Let p = -3 + -4. Let c(l) be the third derivative of -l**6/360 - l**5/20 + 3*l**4/8 - 20*l**3/3 + 19*l**2. Let a(h) be the first derivative of c(h). Give a(p).
2
Suppose 6 = 3*o - 5*g, 2*o - 8*g = -3*g + 9. Let a be (-9)/27*1*o*-8. Let c(n) = 4*n + 11. Calculate c(a).
-21
Let k(n) = 13 + 5 - 7*n - 5*n**2 - n**3 - n**2 - 19. Let o(a) = a**2 + a. Let v(p) = k(p) + 4*o(p). Give v(-2).
5
Suppose -987 = 16*q - 2539. Let p(z) = q + 3*z - 80 - 5*z. Calculate p(7).
3
Let h(t) = -10*t - 84. Suppose 0 = -0*f - f - c - 9, -3*f - 28 = 4*c. What is h(f)?
-4
Suppose 17 - 57 = -8*j. Let z(x) = -4*x**2 + 2*x + 6. Let c(n) = -56*n**2 + 2*n + 7 + 51*n**2 - n. Let q(l) = -3*c(l) + 4*z(l). Calculate q(j).
3
Let o(a) be the second derivative of -a**8/3360 - a**7/840 - a**6/240 - a**5/120 - 179*a**4/12 - 173*a. Let s(x) be the third derivative of o(x). Give s(-1).
1
Let q = -5141 + 5149. Let o(b) = b + 30. Calculate o(q).
38
Suppose 21*i = 25*i - 16. Let q(f) = i*f - 806 + 811 - 3*f. What is q(8)?
13
Let o(t) = t**3 + 8*t**2 + 7*t - 9. Let s(x) = x**3 + 48*x**2 - 94*x + 293. Let g be s(-50). Calculate o(g).
-9
Let s = 663 + -672. Let j(q) = -5*q**3 + 13*q**2 + 4*q + 21. Let z(u) = 11*u**3 - 27*u**2 - 7*u - 44. Let x(y) = s*j(y) - 4*z(y). Calculate x(10).
7
Let x(i) = 11*i**2 - 7711*i + 3*i**2 + 7738*i. What is x(-2)?
2
Let a(k) be the second derivative of 2/3*k**3 + 0 + 14*k + 3*k**2. Give a(-8).
-26
Suppose -36*z = -2*c - 39*z - 11, c = z - 3. Let f(b) = -3*b - 1. Give f(c).
11
Let a(d) = d**2 - 2*d - 57. Suppose 28*w + 136 = 9*w + 307. Determine a(w).
6
Let q(i) be the third derivative of -1/12*i**5 + 22*i**2 + 4 - 1/6*i**3 + 0*i + 1/12*i**4. What is q(1)?
-4
Let r(o) = 39784 + 39819 - 79743 + o**2 - 15*o. Give r(22).
14
Let c(x) be the third derivative of -x**5/30 - x**4/2 + 54*x**3 + 12382*x**2. Determine c(-16).
4
Let o(s) be the third derivative of s**4/24 - s**3/6 - 61*s**2 + s. Suppose 0 = -k + 199 - 202. What is o(k)?
-4
Let j be 4 + ((-12)/4 - 0). Let h be -3 + (j - 2*(-12)/(-8)). Let p(k) = k**2 + 4*k - 3. Determine p(h).
2
Let a(n) = n**3 - 7*n**2 + 7*n + 1. Let f be a(6). Let z(x) = 5453*x + 16. Let p(l) = -9542*l - 33. Let v(m) = 4*p(m) + 7*z(m). What is v(f)?
1
Let w(s) = 14*s**2 + 13*s + 28. Let f(n) = -5*n**2 - 4*n - 10. Suppose 21*g - 16*g = 20. Let r(p) = g*w(p) + 11*f(p). Determine r(-7).
-5
Suppose -53*i + 611 + 437 = -383. Let g(j) = j**3 - 27*j**2 - 2*j + 51. Determine g(i).
-3
Let x(m) be the first derivative of 4*m**2 + 1/4*m**4 - 11*m - 81 + 3*m**3. What is x(-8)?
-11
Let u(k) be the first derivative of -k**4/4 - 2*k**3 + 9*k**2/2 + 3*k + 7323. Suppose 0 = -4*t - z - 2 + 29, -3*z = -5*t + 21. Let p be 1/3 - 44/t. Give u(p).
-11
Let n(x) = -5*x**3 - 2*x**2 + 3*x + 4. Let i = -543 + 540. What is n(i)?
112
Let y = -2080 + 2119. Let d(g) = -g**3 + 38*g**2 + 37*g + 86. Give d(y).
8
Let v(m) be the third derivative of -m**6/120 - m**5/10 + m**4/12 + 5*m**3/6 + 2867*m**2. What is v(-6)?
-7
Suppose 5*s - 4*b + 35 = 0, -s = -3*b - 3 + 10. Let p(w) be the third derivative of 0*w + 1/3*w**4 - 1/10*w**5 - 59*w**2 - 1/120*w**6 + 0 + 3/2*w**3. Give p(s).
2
Suppose -6*r + 15*y - 12*y + 39 = 0, 4*r - y = 19. Let u(x) be the first derivative of -1/2*x**2 + 8/3*x**r - 33 + 0*x. Calculate u(1).
7
Let b(w) be the third derivative of -w**6/120 - w**4/24 - w**3/2 - w**2. Suppose 112*j = -120*j + 355*j - 114*j. What is b(j)?
-3
Let u(h) = -37*h**3 - 9*h**2 - 43*h - 77. Let g(b) = 13*b**3 + 3*b**2 + 15*b + 27. Let x(p) = 17*g(p) + 6*u(p). Calculate x(-2).
-1
Let z(j) = -16*j**2 + 46*j - 711. Let a(g) = -3*g**2 + 9*g - 136. Let p(f) = -21*a(f) + 4*z(f). Give p(6).
-54
Let k = -15 + 25. Suppose k = -4*v - 14. Let f(s) be the second derivative of -s**3/3 - 5*s**2/2 - 856*s. Determine f(v).
7
Let t(n) = -40*n + 77. Let k(z) = -39*z + 80. Let u(r) = 9*k(r) - 10*t(r). What is u(1)?
-1
Suppose -24 = -6*u + 2*u. Let a be 119/6 + u/36. Suppose h - a = -14. Let n(c) = c**2 - 7*c - 1. Give n(h).
-7
Let x(c) = 4*c**2 + 11*c + 14. Let n be (-1 - -8) + 0/26. Let h(u) = u**2 + 4*u + 5. Let w(y) = n*h(y) - 2*x(y). Give w(6).
7
Let x(t) = 2479*t - 14879. Let i be x(6). Let m(o) = -8*o**2 - 42*o - 9. Calculate m(i).
1
Let t(g) be the second derivative of 7*g**3/3 - 4*g**2 - 3490*g. Determine t(-1).
-22
Let k(p) be the third derivative of -p**6/120 + 7*p**5/30 - 5*p**4/8 + 13*p**3/3 + 459*p**2. Determine k(13).
0
Let u(g) = -22 + 37 - 12 - 2*g. Give u(-6).
15
Let l = 3 + -1. Suppose 14 = 5*o + 2*m, 0 = -o + l*m + 6 